-3) + b/(-6)?
1
Let l be (-2)/6 + (-3)/(-9). Let b be (l + 2)/((-6)/9). What is the units digit of b + 57/3 + -1?
5
Let g be 28/(-10) - 3/15. Let u = g + 9. What is the units digit of u?
6
Let k = -4 - -6. Suppose 5*g - 35 = -10. Suppose -g*i = -k*i - 24. What is the units digit of i?
8
Let m(j) be the first derivative of -1/2*j**2 - 3 - 1/2*j**4 + j - j**3. What is the units digit of m(-2)?
7
Suppose -3*b + 124 = -2*t + 6*t, b = 2*t - 62. Let q be 2/(-10) + 54/(-5). Let d = t + q. What is the units digit of d?
0
Let n be 0 + 3*12/9. What is the units digit of 7/(-14) + 142/n?
5
Suppose 9 = -5*d + 3*h, 5 + 3 = -4*h. Let b = 5 + d. Suppose 3*p = -2*a + 3, b = -5*p - 2*a + 7. What is the units digit of p?
1
Let g = -24 - -64. Suppose 0 = -p + 3*i + 2, -3*i - 2*i = -5*p + g. Suppose p = s - 4*y, -4*y + 24 = 6*s - 2*s. What is the units digit of s?
7
Let b be -9 + 9 - 3*-5. Let q = b + 23. What is the tens digit of q?
3
Let v(l) = l**2 - 3*l + 6. Suppose 4*y - 4 = 2*w - 0*y, -4*w + 10 = -2*y. Let r be v(w). What is the units digit of (-282)/(-30) - 4/r?
9
Let w be (11 - -1)*9/12. Suppose -a = -l - 13 - 10, -3*l = w. What is the units digit of a?
0
Suppose -5*q - 5*z - 95 = 0, -3*z - 9 = q + 18. Let w = 27 + q. What is the units digit of w?
2
Suppose -4*t - 16 = 0, -c - 3*t = 3*c + 288. Let n = -37 - c. What is the units digit of n?
2
Suppose l - 2*n - 66 = 0, -3*n = 2*l - n - 108. What is the tens digit of l?
5
Suppose -k - 3*k - v = -311, -4*k = -v - 321. What is the tens digit of k?
7
Let j = -17 - -11. What is the units digit of 96/(-18)*j/4?
8
Let v(u) = -4*u - 2. What is the units digit of v(-1)?
2
Let l be (-12)/(-42) - 299/(-7). Suppose 2*k + 4*j - 8 = 3*k, 4*k = j + l. What is the units digit of k?
2
Let a = -138 + 250. What is the units digit of a?
2
Suppose 4 = 2*i, -m - 4*i + 161 = -63. What is the units digit of m?
6
Let d be (-6)/(-15) - 64/10. Let j(s) = s**3 + 6*s**2 - 3*s - 10. What is the units digit of j(d)?
8
Suppose 4*j - 3 = 3*j. Suppose -j*y + 4 = -y. What is the units digit of y/(-6)*(-7 - 2)?
3
Let b be -1 - (3/(-3) - -3). What is the tens digit of (6/4)/b*-54?
2
Let k(a) = -a**3 + 2*a**2 + 3*a + 2. Let h be k(3). Suppose 20 = 4*t + 4*m, -3*t - 6 = -h*m - 41. What is the units digit of t?
9
Suppose -2*n + 6 = u + 3, 3*u + 2 = 5*n. Let m(z) be the third derivative of z**5/5 + z**4/24 - z**3/6 + 19*z**2. What is the tens digit of m(n)?
1
Let j be (-2 - -3)*16 - -3. Suppose 2*a - 41 = j. What is the tens digit of a?
3
Let b(c) = -c**2 - 5*c - 2. Let h be (4/(-5))/((-2)/(-10)). Let u be b(h). What is the tens digit of (-128)/(-12) + u/6?
1
Suppose 0 = -2*q - 243 + 613. What is the units digit of q?
5
Let y(a) = a**2 - 11*a + 9. What is the units digit of y(-10)?
9
Let o be ((-2)/(-2) - 2)*0. Suppose -5*z + 0*z - 4*q = -117, o = -3*z + 2*q + 79. What is the units digit of z?
5
Let o(z) = 19*z**3 - z**2 + z - 1. Let f = -15 + 9. Let l = -5 - f. What is the units digit of o(l)?
8
Suppose -3*x - x + 60 = 2*r, 2*x - 4*r = 40. Let d = -4 + x. Suppose -s + d = s. What is the units digit of s?
6
Suppose -3*h - 31 = -4*c, -5*c + 0*h = -2*h - 30. Suppose -w = -c*w. Suppose -3*t + t + 4 = w. What is the units digit of t?
2
Let t be (4/(-3))/((-1)/12). Suppose -3*b - b = -t. What is the units digit of (-3)/((b + -2)/(-4))?
6
Suppose 2*l + 17 = 105. What is the tens digit of l?
4
Let p = 8 + 65. What is the units digit of p?
3
Let k be (1 + -4)/((-4)/4). Suppose 0 = -5*o - 3*r + 6*r + 31, -4*r - 28 = -4*o. Suppose f = -u + 6, 20 = k*f + 2*f - o*u. What is the units digit of f?
5
Suppose -445 = -3*t - 2*t. What is the units digit of t?
9
Suppose -439 + 73 = -3*t + 3*r, 3*r = -3*t + 390. What is the units digit of t?
6
Suppose 4*q - 4 = -0*z - 4*z, z + 29 = 5*q. Suppose 4*x - 14 = -f - f, -f = q. What is the units digit of x?
6
Suppose -2*x - 4 = 2*i, -2*x = i - 2 + 4. Suppose x = -o + a + a + 18, -54 = -3*o - 4*a. Suppose -5*u = -3*u - o. What is the units digit of u?
9
Suppose 2*r - 149 = 123. What is the units digit of r?
6
Let d(w) = 2*w**3 + 2*w + w**3 - 5*w**2 + 4*w - 2*w**3 - 3. What is the units digit of d(4)?
5
Let d(l) = l**3 - 3*l**2 + 3*l. Let w be d(2). Suppose n - 60 = -w*o + 4*n, 0 = 5*n + 10. What is the units digit of o?
7
Let n = 31 + -13. Let q = n - 32. Let w = 23 + q. What is the units digit of w?
9
Suppose 5*n - q = 223, 0*n + 5*q = 3*n - 147. Suppose 1 = -4*s + 2*x + 73, x - n = -3*s. What is the tens digit of s?
1
Let j be 21/1*(-2)/(-6). Suppose 5*o + 45 = 2*d - j*d, -5*d = -15. Let t = 17 + o. What is the units digit of t?
5
Let i = 0 + 1. Suppose -4*r + 0 = -2*u + 12, 2*u = -4*r - 4. Let x = i - r. What is the units digit of x?
3
What is the units digit of 2*(2 - (-165)/6)?
9
Let f(d) = -d**2 - 4*d + 1. Let z be f(-3). Suppose -2*c + 7 + 9 = 4*o, z*c = -3*o + 22. What is the units digit of (3 - -1)*1/o?
2
Let n be -28*(5/(-2) - -2). Let s = -10 + n. What is the units digit of s?
4
Suppose v = 2*n - 2*v + 3, 0 = 2*n + v - 9. Suppose 0 = -3*u + 3 - 0. Suppose -n*j + 4 = u. What is the units digit of j?
1
Let f = 383 + -201. What is the units digit of f?
2
What is the hundreds digit of (3*(-5)/(-15))/(1/133)?
1
Suppose -3*z - 5*r = -37, 4*z - 4*r + 0*r + 4 = 0. Suppose z*i + 2*i - 300 = 0. What is the tens digit of i?
5
Suppose -3*n - 3*p = n - 47, 24 = 2*n + 2*p. Let u = n + -22. Let i = 15 + u. What is the units digit of i?
4
Suppose 4*y + 2*x - 56 = 4*x, 3*y - 4*x - 42 = 0. Let p = y + 12. What is the units digit of p?
6
Let b = 0 + -1. What is the tens digit of 16 - (0 - b - -1)?
1
Let a(i) = i**3 + 4*i**2 - 3*i + 1. What is the tens digit of a(3)?
5
Let x(o) = -7*o + 5. What is the tens digit of x(-14)?
0
Let k(j) be the third derivative of j**5/60 + j**4/4 - 5*j**3/3 - 2*j**2. Let i be k(-8). Let c = i + -2. What is the units digit of c?
4
Let s(o) = o**3 + 7*o**2 + 4*o - 7. Let t be s(-6). Suppose -2*h + t*a = -27, 0 = -3*h + 3*a - 5*a - 7. Let c = h - -10. What is the units digit of c?
1
Let t be 0/((-6)/((-6)/2)). Suppose t*c = 2*c + 10. Let p = 7 + c. What is the units digit of p?
2
Let o = 1 + 19. Let k be ((-79)/(-2) + 0)*2. Suppose 0*l - o = -4*l, -4*m = -l - k. What is the tens digit of m?
2
Let c(i) = -i**2 - 5 + 25 - 2*i**2 + 2*i**2 - i**3. What is the tens digit of c(0)?
2
Let o be ((-2 - -2) + -6)*-1. Suppose 3*q - 24 + o = 0. What is the units digit of q*12/9 + -1?
7
Suppose 9*q = 4*q + 210. What is the tens digit of q?
4
Let n = 1 + -9. Let h = n - -22. What is the units digit of h?
4
Let h(c) = -c**3 + c - 3*c**2 + c + 0*c**3 + 1. Suppose -16 = 2*u - 4*x, 2*u + 0 + 4 = -2*x. What is the units digit of h(u)?
9
Suppose 2*l - 5*l + 15 = 0. Suppose 4*m - 20 = 3*d, -25 = 2*m - 7*m + d. Suppose p - 3 = -s - 0, -l*s - 15 = -m*p. What is the units digit of p?
3
Let x = 148 - 1. What is the units digit of x?
7
Let o = -2 + 7. Let m(g) = g**3 - 8*g**2 + 9*g - 9. Let p be m(7). Suppose -11 = -l + 5*w, -o*l = p*w - 7*w - 32. What is the units digit of l?
6
Let y = -27 + 18. Let l be (-9)/(-4) - y/12. Suppose 0*h - h - l*k = 0, -k + 70 = 5*h. What is the tens digit of h?
1
Let u = 20 - 15. Suppose 95 = 4*h - 5*v, u = -2*v + 7*v. What is the units digit of h?
5
Let f(n) = 46*n**3 + 2*n - 1. What is the units digit of f(1)?
7
Let a = -4 - -9. Suppose a*k = -h + 1, 0 = -k - 5*h + 2*h + 3. What is the tens digit of 0 + 12 + (-1 - k)?
1
Suppose -3*m + 20 = -2*l, -l = m - 0*l. Suppose f - w - 7 = 0, -5*w = -3*f + m*f - 37. Suppose h = 4*h - f. What is the units digit of h?
4
Suppose 138 = 14*i - 11*i. What is the tens digit of i?
4
Let c be 37/((8/4)/(-4)). Let k = c - -106. What is the units digit of k?
2
Let t(o) = -43*o**3 + 2*o**2 - 1. Let j be t(-1). Suppose -j = -3*n + 1. What is the tens digit of n?
1
Suppose -n + w + 8 = 0, -4*n - 4*w = -2*w - 8. Suppose 3*u - n*l + 7*l = -6, 5*u + l + 6 = 0. What is the tens digit of 0 - (u - -46)/(-3)?
1
What is the units digit of -1 + (-546)/(-10) - (-12)/(-20)?
3
Let y(g) = -24*g - 2. What is the units digit of y(-2)?
6
Let p be ((-9)/(-18))/(2/12). Suppose 2 = p*i - 2*u + 1, 5*u - 26 = -2*i. What is the units digit of i?
3
Let m(l) = -13*l - 7. What is the tens digit of m(-3)?
3
Suppose h + 19 = 65. Suppose 2*j - h + 2 = 0. What is the units digit of (-1)/3 + j/3?
7